{"id":84,"date":"2020-10-22T16:24:13","date_gmt":"2020-10-22T14:24:13","guid":{"rendered":"http:\/\/uniagp.home.amu.edu.pl\/?page_id=84"},"modified":"2026-01-07T14:51:47","modified_gmt":"2026-01-07T13:51:47","slug":"aktualnosci-2","status":"publish","type":"page","link":"http:\/\/uniagp.home.amu.edu.pl\/","title":{"rendered":"STRONA G\u0141\u00d3WNA"},"content":{"rendered":"\n<h2>AKTUALNO\u015aCI<\/h2>\n\n\n\n<div class=\"wp-block-group\"><div class=\"wp-block-group__inner-container\"><ul class=\"wp-block-latest-posts__list is-grid columns-2 has-dates alignleft wp-block-latest-posts\"><li><div class=\"wp-block-latest-posts__featured-image aligncenter\"><a href=\"http:\/\/uniagp.home.amu.edu.pl\/?p=825\"><img width=\"300\" height=\"292\" src=\"http:\/\/uniagp.home.amu.edu.pl\/wp-content\/uploads\/2021\/06\/logo_niebieskie-300x292.png\" class=\"attachment-medium size-medium wp-post-image\" alt=\"\" loading=\"lazy\" style=\"\" srcset=\"http:\/\/uniagp.home.amu.edu.pl\/wp-content\/uploads\/2021\/06\/logo_niebieskie-300x292.png 300w, http:\/\/uniagp.home.amu.edu.pl\/wp-content\/uploads\/2021\/06\/logo_niebieskie-308x300.png 308w, http:\/\/uniagp.home.amu.edu.pl\/wp-content\/uploads\/2021\/06\/logo_niebieskie.png 427w\" sizes=\"(max-width: 300px) 100vw, 300px\" \/><\/a><\/div><a href=\"http:\/\/uniagp.home.amu.edu.pl\/?p=825\">Spotkanie inauguruj\u0105ce dzia\u0142alno\u015b\u0107 Unii Uczelni w roku akademickim 2025\/2026<\/a><time datetime=\"2025-11-10T18:54:00+01:00\" class=\"wp-block-latest-posts__post-date\">10 listopada 2025<\/time><div class=\"wp-block-latest-posts__post-excerpt\">W dniu 30 pa\u017adziernika 2025 roku odby\u0142o si\u0119 spotkanie inauguruj\u0105ce dzia\u0142alno\u015b\u0107 Unii Uczelni w roku akademickim 2025\/2026. <a href=\"http:\/\/uniagp.home.amu.edu.pl\/?p=825\">Czytaj dalej <span class=\"meta-nav\">&rarr;<\/span><\/a><\/div><\/li>\n<li><div class=\"wp-block-latest-posts__featured-image aligncenter\"><a href=\"http:\/\/uniagp.home.amu.edu.pl\/?p=802\"><img width=\"300\" height=\"300\" src=\"http:\/\/uniagp.home.amu.edu.pl\/wp-content\/uploads\/2021\/06\/logo-budynki-300x300.png\" class=\"attachment-medium size-medium wp-post-image\" alt=\"\" loading=\"lazy\" style=\"\" srcset=\"http:\/\/uniagp.home.amu.edu.pl\/wp-content\/uploads\/2021\/06\/logo-budynki-300x300.png 300w, http:\/\/uniagp.home.amu.edu.pl\/wp-content\/uploads\/2021\/06\/logo-budynki-150x150.png 150w, http:\/\/uniagp.home.amu.edu.pl\/wp-content\/uploads\/2021\/06\/logo-budynki-768x768.png 768w, http:\/\/uniagp.home.amu.edu.pl\/wp-content\/uploads\/2021\/06\/logo-budynki.png 909w\" sizes=\"(max-width: 300px) 100vw, 300px\" \/><\/a><\/div><a href=\"http:\/\/uniagp.home.amu.edu.pl\/?p=802\">Rekomendacje do doskonalenia program\u00f3w studi\u00f3w, metod i narz\u0119dzi dydaktycznych<\/a><time datetime=\"2025-09-25T18:12:00+02:00\" class=\"wp-block-latest-posts__post-date\">25 wrze\u015bnia 2025<\/time><div class=\"wp-block-latest-posts__post-excerpt\">Zach\u0119camy do zapoznania si\u0119 z rekomendacjami do doskonalenia program\u00f3w studi\u00f3w, metod i narz\u0119dzi dydaktycznych w zakresie kierunk\u00f3w zwi\u0105zanych z gospodarowaniem przestrzeni\u0105. <a href=\"http:\/\/uniagp.home.amu.edu.pl\/?p=802\">Czytaj dalej <span class=\"meta-nav\">&rarr;<\/span><\/a><\/div><\/li>\n<li><div class=\"wp-block-latest-posts__featured-image aligncenter\"><a href=\"http:\/\/uniagp.home.amu.edu.pl\/?p=799\"><img width=\"300\" height=\"225\" src=\"http:\/\/uniagp.home.amu.edu.pl\/wp-content\/uploads\/2025\/10\/UU25_1-300x225.jpg\" class=\"attachment-medium size-medium wp-post-image\" alt=\"\" loading=\"lazy\" style=\"\" srcset=\"http:\/\/uniagp.home.amu.edu.pl\/wp-content\/uploads\/2025\/10\/UU25_1-300x225.jpg 300w, http:\/\/uniagp.home.amu.edu.pl\/wp-content\/uploads\/2025\/10\/UU25_1-1024x768.jpg 1024w, http:\/\/uniagp.home.amu.edu.pl\/wp-content\/uploads\/2025\/10\/UU25_1-768x576.jpg 768w, http:\/\/uniagp.home.amu.edu.pl\/wp-content\/uploads\/2025\/10\/UU25_1-1536x1152.jpg 1536w, http:\/\/uniagp.home.amu.edu.pl\/wp-content\/uploads\/2025\/10\/UU25_1-2048x1536.jpg 2048w, http:\/\/uniagp.home.amu.edu.pl\/wp-content\/uploads\/2025\/10\/UU25_1-400x300.jpg 400w\" sizes=\"(max-width: 300px) 100vw, 300px\" \/><\/a><\/div><a href=\"http:\/\/uniagp.home.amu.edu.pl\/?p=799\">Warsztaty UU25 (22-23.05.2025) &#8211; sprawozdanie<\/a><time datetime=\"2025-06-20T18:00:00+02:00\" class=\"wp-block-latest-posts__post-date\">20 czerwca 2025<\/time><div class=\"wp-block-latest-posts__post-excerpt\">W\u00a0dniach\u00a022-23.05.2025 r. w \u0141odzi odby\u0142y si\u0119 Warsztaty UU25: Innowacje w kszta\u0142ceniu na kierunkach studi\u00f3w zwi\u0105zanych z gospodarowaniem przestrzeni\u0105 w kontek\u015bcie nowych wyzwa\u0144 demograficznych, cyfrowych, klimatycznych oraz systemowych. <a href=\"http:\/\/uniagp.home.amu.edu.pl\/?p=799\">Czytaj dalej <span class=\"meta-nav\">&rarr;<\/span><\/a><\/div><\/li>\n<li><div class=\"wp-block-latest-posts__featured-image aligncenter\"><a href=\"http:\/\/uniagp.home.amu.edu.pl\/?p=772\"><img width=\"300\" height=\"169\" src=\"http:\/\/uniagp.home.amu.edu.pl\/wp-content\/uploads\/2025\/03\/warsztaty_UU_25-300x169.jpeg\" class=\"attachment-medium size-medium wp-post-image\" alt=\"\" loading=\"lazy\" style=\"\" srcset=\"http:\/\/uniagp.home.amu.edu.pl\/wp-content\/uploads\/2025\/03\/warsztaty_UU_25-300x169.jpeg 300w, http:\/\/uniagp.home.amu.edu.pl\/wp-content\/uploads\/2025\/03\/warsztaty_UU_25-768x432.jpeg 768w, http:\/\/uniagp.home.amu.edu.pl\/wp-content\/uploads\/2025\/03\/warsztaty_UU_25-500x281.jpeg 500w, http:\/\/uniagp.home.amu.edu.pl\/wp-content\/uploads\/2025\/03\/warsztaty_UU_25.jpeg 999w\" sizes=\"(max-width: 300px) 100vw, 300px\" \/><\/a><\/div><a href=\"http:\/\/uniagp.home.amu.edu.pl\/?p=772\">Warsztaty UU25 (22-23.05.2025) &#8211; zaproszenie<\/a><time datetime=\"2025-03-18T14:58:47+01:00\" class=\"wp-block-latest-posts__post-date\">18 marca 2025<\/time><div class=\"wp-block-latest-posts__post-excerpt\">Serdecznie zapraszamy na Warsztaty UU25: Innowacje w kszta\u0142ceniu na kierunkach studi\u00f3w zwi\u0105zanych z gospodarowaniem przestrzeni\u0105 w kontek\u015bcie nowych wyzwa\u0144 demograficznych, cyfrowych, klimatycznych oraz systemowych. <a href=\"http:\/\/uniagp.home.amu.edu.pl\/?p=772\">Czytaj dalej <span class=\"meta-nav\">&rarr;<\/span><\/a><\/div><\/li>\n<li><div class=\"wp-block-latest-posts__featured-image aligncenter\"><a href=\"http:\/\/uniagp.home.amu.edu.pl\/?p=767\"><img width=\"293\" height=\"300\" src=\"http:\/\/uniagp.home.amu.edu.pl\/wp-content\/uploads\/2025\/01\/Logo-KPZK_podst_kol_wersja-skrocona-293x300.jpg\" class=\"attachment-medium size-medium wp-post-image\" alt=\"\" loading=\"lazy\" style=\"\" srcset=\"http:\/\/uniagp.home.amu.edu.pl\/wp-content\/uploads\/2025\/01\/Logo-KPZK_podst_kol_wersja-skrocona-293x300.jpg 293w, http:\/\/uniagp.home.amu.edu.pl\/wp-content\/uploads\/2025\/01\/Logo-KPZK_podst_kol_wersja-skrocona.jpg 492w\" sizes=\"(max-width: 293px) 100vw, 293px\" \/><\/a><\/div><a href=\"http:\/\/uniagp.home.amu.edu.pl\/?p=767\">Sz\u00f3sta edycja Konkursu im. K. Czapiewskiego pod patronatem KPZK PAN na najlepsz\u0105 prac\u0119 doktorsk\u0105 z zakresu gospodarowania przestrzeni\u0105<\/a><time datetime=\"2025-01-14T11:11:54+01:00\" class=\"wp-block-latest-posts__post-date\">14 stycznia 2025<\/time><div class=\"wp-block-latest-posts__post-excerpt\">Od 2020 r. Komitet Przestrzennego Zagospodarowania Kraju PAN organizuje konkurs na najlepsz\u0105 prac\u0119 doktorsk\u0105 z zakresu gospodarowania przestrzeni\u0105 (od 2023 r. konkurs nosi imi\u0119 Konrada Czapiewskiego). <a href=\"http:\/\/uniagp.home.amu.edu.pl\/?p=767\">Czytaj dalej <span class=\"meta-nav\">&rarr;<\/span><\/a><\/div><\/li>\n<li><div class=\"wp-block-latest-posts__featured-image aligncenter\"><a href=\"http:\/\/uniagp.home.amu.edu.pl\/?p=751\"><img width=\"300\" height=\"259\" src=\"http:\/\/uniagp.home.amu.edu.pl\/wp-content\/uploads\/2024\/12\/zebranie-grafika-www-300x259.jpg\" class=\"attachment-medium size-medium wp-post-image\" alt=\"\" loading=\"lazy\" style=\"\" srcset=\"http:\/\/uniagp.home.amu.edu.pl\/wp-content\/uploads\/2024\/12\/zebranie-grafika-www-300x259.jpg 300w, http:\/\/uniagp.home.amu.edu.pl\/wp-content\/uploads\/2024\/12\/zebranie-grafika-www-347x300.jpg 347w, http:\/\/uniagp.home.amu.edu.pl\/wp-content\/uploads\/2024\/12\/zebranie-grafika-www.jpg 762w\" sizes=\"(max-width: 300px) 100vw, 300px\" \/><\/a><\/div><a href=\"http:\/\/uniagp.home.amu.edu.pl\/?p=751\">Zebranie Przedstawicieli Unii Uczelni (16.12.2024)<\/a><time datetime=\"2024-12-19T14:33:22+01:00\" class=\"wp-block-latest-posts__post-date\">19 grudnia 2024<\/time><div class=\"wp-block-latest-posts__post-excerpt\">W dniu 16 grudnia 2024 roku odby\u0142o si\u0119 Zebranie Przedstawicieli Unii Uczelni na Rzecz Rozwoju Kierunk\u00f3w Studi\u00f3w w Zakresie Gospodarowania Przestrzeni\u0105 po\u015bwi\u0119cone sprawozdaniu z dzia\u0142alno\u015bci Unii w latach 2020-2024 oraz wyborowi sk\u0142adu Zespo\u0142u Wykonawczego koordynuj\u0105cego dzia\u0142alno\u015b\u0107 Porozumienia. <a href=\"http:\/\/uniagp.home.amu.edu.pl\/?p=751\">Czytaj dalej <span class=\"meta-nav\">&rarr;<\/span><\/a><\/div><\/li>\n<li><div class=\"wp-block-latest-posts__featured-image aligncenter\"><a href=\"http:\/\/uniagp.home.amu.edu.pl\/?p=735\"><img width=\"300\" height=\"300\" src=\"http:\/\/uniagp.home.amu.edu.pl\/wp-content\/uploads\/2024\/10\/T.Kudlacz_foto-300x300.png\" class=\"attachment-medium size-medium wp-post-image\" alt=\"\" loading=\"lazy\" style=\"\" srcset=\"http:\/\/uniagp.home.amu.edu.pl\/wp-content\/uploads\/2024\/10\/T.Kudlacz_foto-300x300.png 300w, http:\/\/uniagp.home.amu.edu.pl\/wp-content\/uploads\/2024\/10\/T.Kudlacz_foto-150x150.png 150w, http:\/\/uniagp.home.amu.edu.pl\/wp-content\/uploads\/2024\/10\/T.Kudlacz_foto.png 500w\" sizes=\"(max-width: 300px) 100vw, 300px\" \/><\/a><\/div><a href=\"http:\/\/uniagp.home.amu.edu.pl\/?p=735\">Zmar\u0142 prof. Tadeusz Kud\u0142acz<\/a><time datetime=\"2024-10-07T22:18:03+02:00\" class=\"wp-block-latest-posts__post-date\">7 pa\u017adziernika 2024<\/time><div class=\"wp-block-latest-posts__post-excerpt\">W dniu 7 pa\u017adziernika 2024 roku dotar\u0142a do nas smutna wiadomo\u015b\u0107 o nag\u0142ej \u015bmierci prof. dr. hab. Tadeusza Kud\u0142acza, profesora nauk ekonomicznych, jednego z najwi\u0119kszych, polskich autorytet\u00f3w w dziedzinie rozwoju regionalnego i lokalnego.&nbsp; Profesor by\u0142 autorem ponad stu siedemdziesi\u0119ciu prac naukowych oraz wielu ekspertyz wykonywanych dla w\u0142adz publicznych w zakresie polityki regionalnej i lokalnej oraz &hellip; <a href=\"http:\/\/uniagp.home.amu.edu.pl\/?p=735\">Czytaj dalej <span class=\"meta-nav\">&rarr;<\/span><\/a><\/div><\/li>\n<li><a href=\"http:\/\/uniagp.home.amu.edu.pl\/?p=733\">Master Plan &#8211; konkurs dla zespo\u0142\u00f3w studenckich w ramach projektu Life after Coal<\/a><time datetime=\"2024-10-02T11:45:57+02:00\" class=\"wp-block-latest-posts__post-date\">2 pa\u017adziernika 2024<\/time><div class=\"wp-block-latest-posts__post-excerpt\">Przekazujemy informacj\u0119 na temat og\u00f3lnopolskiego konkursu dla zespo\u0142\u00f3w studenckich, kt\u00f3re chc\u0105 zaprojektowa\u0107 innowacyjny plan transformacji energetycznej dla wybranej gminy wschodniej Wielkopolski. Konkurs Master Plan jest organizowany w ramach projektu: Life after Coal. Szczeg\u00f3\u0142y organizacyjne znajduj\u0105 si\u0119 na stronie konkursu: https:\/\/aftercoal.pl\/wez-udzial-w-konkursie-master-plan-i-odmien-wielkopolske\/ . Organizatorzy przewiduj\u0105 atrakcyjne nagrody finansowe.<\/div><\/li>\n<li><div class=\"wp-block-latest-posts__featured-image aligncenter\"><a href=\"http:\/\/uniagp.home.amu.edu.pl\/?p=728\"><img width=\"225\" height=\"224\" src=\"http:\/\/uniagp.home.amu.edu.pl\/wp-content\/uploads\/2024\/01\/MRiT.png\" class=\"attachment-medium size-medium wp-post-image\" alt=\"\" loading=\"lazy\" style=\"\" srcset=\"http:\/\/uniagp.home.amu.edu.pl\/wp-content\/uploads\/2024\/01\/MRiT.png 225w, http:\/\/uniagp.home.amu.edu.pl\/wp-content\/uploads\/2024\/01\/MRiT-150x150.png 150w\" sizes=\"(max-width: 225px) 100vw, 225px\" \/><\/a><\/div><a href=\"http:\/\/uniagp.home.amu.edu.pl\/?p=728\">Nab\u00f3r wniosk\u00f3w konkursowych na organizacj\u0119 szkole\u0144 dla planist\u00f3w<\/a><time datetime=\"2024-06-27T13:43:37+02:00\" class=\"wp-block-latest-posts__post-date\">27 czerwca 2024<\/time><div class=\"wp-block-latest-posts__post-excerpt\">Na stronie internetowej Ministerstwa Rozwoju i Technologii, po kilkumiesi\u0119cznym op\u00f3\u017anieniu, opublikowano nab\u00f3r wniosk\u00f3w konkursowych na organizacj\u0119 szkole\u0144 dla planist\u00f3w w zakresie wdro\u017cenia reformy planowania i zagospodarowania przestrzennego. <a href=\"http:\/\/uniagp.home.amu.edu.pl\/?p=728\">Czytaj dalej <span class=\"meta-nav\">&rarr;<\/span><\/a><\/div><\/li>\n<li><div class=\"wp-block-latest-posts__featured-image aligncenter\"><a href=\"http:\/\/uniagp.home.amu.edu.pl\/?p=718\"><img width=\"300\" height=\"237\" src=\"http:\/\/uniagp.home.amu.edu.pl\/wp-content\/uploads\/2024\/03\/Grafika_webinarium_UU_4.4.24-300x237.png\" class=\"attachment-medium size-medium wp-post-image\" alt=\"\" loading=\"lazy\" style=\"\" srcset=\"http:\/\/uniagp.home.amu.edu.pl\/wp-content\/uploads\/2024\/03\/Grafika_webinarium_UU_4.4.24-300x237.png 300w, http:\/\/uniagp.home.amu.edu.pl\/wp-content\/uploads\/2024\/03\/Grafika_webinarium_UU_4.4.24-380x300.png 380w, http:\/\/uniagp.home.amu.edu.pl\/wp-content\/uploads\/2024\/03\/Grafika_webinarium_UU_4.4.24.png 645w\" sizes=\"(max-width: 300px) 100vw, 300px\" \/><\/a><\/div><a href=\"http:\/\/uniagp.home.amu.edu.pl\/?p=718\">Sprawozdanie z webinarium: Wyzwania reformy planowania przestrzennego dla uczelni wy\u017cszych [04.04.2024]<\/a><time datetime=\"2024-04-04T12:21:48+02:00\" class=\"wp-block-latest-posts__post-date\">4 kwietnia 2024<\/time><div class=\"wp-block-latest-posts__post-excerpt\">W dniu 4 kwietnia 2024 roku odby\u0142o si\u0119 Webinarium: Wyzwania reformy planowania przestrzennego dla uczelni wy\u017cszych. Webinarium wpisa\u0142o si\u0119 w trwaj\u0105c\u0105 dyskusj\u0119 nad wyzwaniami zwi\u0105zanymi z reform\u0105 planowania przestrzennego wynikaj\u0105c\u0105 z nowelizacji ustawy o planowaniu i zagospodarowaniu przestrzennym <a href=\"http:\/\/uniagp.home.amu.edu.pl\/?p=718\">Czytaj dalej <span class=\"meta-nav\">&rarr;<\/span><\/a><\/div><\/li>\n<li><div class=\"wp-block-latest-posts__featured-image aligncenter\"><a href=\"http:\/\/uniagp.home.amu.edu.pl\/?p=722\"><img width=\"225\" height=\"224\" src=\"http:\/\/uniagp.home.amu.edu.pl\/wp-content\/uploads\/2024\/01\/MRiT.png\" class=\"attachment-medium size-medium wp-post-image\" alt=\"\" loading=\"lazy\" style=\"\" srcset=\"http:\/\/uniagp.home.amu.edu.pl\/wp-content\/uploads\/2024\/01\/MRiT.png 225w, http:\/\/uniagp.home.amu.edu.pl\/wp-content\/uploads\/2024\/01\/MRiT-150x150.png 150w\" sizes=\"(max-width: 225px) 100vw, 225px\" \/><\/a><\/div><a href=\"http:\/\/uniagp.home.amu.edu.pl\/?p=722\">Nab\u00f3r wniosk\u00f3w dot. wdro\u017cenia reformy planowania i zagospodarowania przestrzennego, szkolenia dla planist\u00f3w<\/a><time datetime=\"2024-03-27T20:20:14+01:00\" class=\"wp-block-latest-posts__post-date\">27 marca 2024<\/time><div class=\"wp-block-latest-posts__post-excerpt\">Na stronie Ministerstwa Rozwoju i Technologii pojawi\u0142a si\u0119 nowa informacja na temat naboru wniosk\u00f3w dot. wdro\u017cenia reformy planowania i zagospodarowania przestrzennego, szkolenia dla planist\u00f3w <a href=\"http:\/\/uniagp.home.amu.edu.pl\/?p=722\">Czytaj dalej <span class=\"meta-nav\">&rarr;<\/span><\/a><\/div><\/li>\n<li><div class=\"wp-block-latest-posts__featured-image aligncenter\"><a href=\"http:\/\/uniagp.home.amu.edu.pl\/?p=713\"><img width=\"300\" height=\"223\" src=\"http:\/\/uniagp.home.amu.edu.pl\/wp-content\/uploads\/2024\/02\/POLREG_2024_logo_kolor-300x223.jpg\" class=\"attachment-medium size-medium wp-post-image\" alt=\"\" loading=\"lazy\" style=\"\" srcset=\"http:\/\/uniagp.home.amu.edu.pl\/wp-content\/uploads\/2024\/02\/POLREG_2024_logo_kolor-300x223.jpg 300w, http:\/\/uniagp.home.amu.edu.pl\/wp-content\/uploads\/2024\/02\/POLREG_2024_logo_kolor-1024x762.jpg 1024w, http:\/\/uniagp.home.amu.edu.pl\/wp-content\/uploads\/2024\/02\/POLREG_2024_logo_kolor-768x571.jpg 768w, http:\/\/uniagp.home.amu.edu.pl\/wp-content\/uploads\/2024\/02\/POLREG_2024_logo_kolor-403x300.jpg 403w, http:\/\/uniagp.home.amu.edu.pl\/wp-content\/uploads\/2024\/02\/POLREG_2024_logo_kolor.jpg 1082w\" sizes=\"(max-width: 300px) 100vw, 300px\" \/><\/a><\/div><a href=\"http:\/\/uniagp.home.amu.edu.pl\/?p=713\">Rozpocz\u0119\u0142a si\u0119 rejestracja na konferencj\u0119 POLREG 2024<\/a><time datetime=\"2024-02-09T17:28:12+01:00\" class=\"wp-block-latest-posts__post-date\">9 lutego 2024<\/time><div class=\"wp-block-latest-posts__post-excerpt\">Wydzia\u0142 Geografii Spo\u0142eczno-Ekonomicznej i Gospodarki Przestrzennej UAM zaprasza na POLREG 2024, czyli IV edycj\u0119 Polskiej Konferencji Bada\u0144 Miejskich i Regionalnych, kt\u00f3ra odb\u0119dzie si\u0119 w Poznaniu w dniach 20-22.10.2024 r. pod has\u0142em: W KIERUNKU ZINTEGROWANEGO PLANOWANIA ROZWOJU <a href=\"http:\/\/uniagp.home.amu.edu.pl\/?p=713\">Czytaj dalej <span class=\"meta-nav\">&rarr;<\/span><\/a><\/div><\/li>\n<\/ul><\/div><\/div>\n\n\n\n<figure class=\"wp-block-gallery columns-3 is-cropped\"><ul class=\"blocks-gallery-grid\"><li class=\"blocks-gallery-item\"><figure><img loading=\"lazy\" width=\"1024\" height=\"576\" src=\"http:\/\/uniagp.home.amu.edu.pl\/wp-content\/uploads\/2021\/01\/PL-4-1024x576.png\" alt=\"\" data-id=\"288\" data-full-url=\"http:\/\/uniagp.home.amu.edu.pl\/wp-content\/uploads\/2021\/01\/PL-4.png\" data-link=\"http:\/\/uniagp.home.amu.edu.pl\/?attachment_id=288\" class=\"wp-image-288\" srcset=\"http:\/\/uniagp.home.amu.edu.pl\/wp-content\/uploads\/2021\/01\/PL-4-1024x576.png 1024w, http:\/\/uniagp.home.amu.edu.pl\/wp-content\/uploads\/2021\/01\/PL-4-300x169.png 300w, http:\/\/uniagp.home.amu.edu.pl\/wp-content\/uploads\/2021\/01\/PL-4-768x432.png 768w, http:\/\/uniagp.home.amu.edu.pl\/wp-content\/uploads\/2021\/01\/PL-4-1536x864.png 1536w, http:\/\/uniagp.home.amu.edu.pl\/wp-content\/uploads\/2021\/01\/PL-4-500x281.png 500w, http:\/\/uniagp.home.amu.edu.pl\/wp-content\/uploads\/2021\/01\/PL-4.png 1920w\" sizes=\"(max-width: 1024px) 100vw, 1024px\" \/><\/figure><\/li><li class=\"blocks-gallery-item\"><figure><img loading=\"lazy\" width=\"1024\" height=\"576\" src=\"http:\/\/uniagp.home.amu.edu.pl\/wp-content\/uploads\/2021\/01\/PL-3-1024x576.png\" alt=\"\" data-id=\"287\" data-full-url=\"http:\/\/uniagp.home.amu.edu.pl\/wp-content\/uploads\/2021\/01\/PL-3.png\" data-link=\"http:\/\/uniagp.home.amu.edu.pl\/?attachment_id=287\" class=\"wp-image-287\" srcset=\"http:\/\/uniagp.home.amu.edu.pl\/wp-content\/uploads\/2021\/01\/PL-3-1024x576.png 1024w, http:\/\/uniagp.home.amu.edu.pl\/wp-content\/uploads\/2021\/01\/PL-3-300x169.png 300w, http:\/\/uniagp.home.amu.edu.pl\/wp-content\/uploads\/2021\/01\/PL-3-768x432.png 768w, http:\/\/uniagp.home.amu.edu.pl\/wp-content\/uploads\/2021\/01\/PL-3-1536x864.png 1536w, http:\/\/uniagp.home.amu.edu.pl\/wp-content\/uploads\/2021\/01\/PL-3-500x281.png 500w, http:\/\/uniagp.home.amu.edu.pl\/wp-content\/uploads\/2021\/01\/PL-3.png 1920w\" sizes=\"(max-width: 1024px) 100vw, 1024px\" \/><\/figure><\/li><li class=\"blocks-gallery-item\"><figure><img loading=\"lazy\" width=\"1024\" height=\"576\" src=\"http:\/\/uniagp.home.amu.edu.pl\/wp-content\/uploads\/2021\/01\/PL-2-1024x576.png\" alt=\"\" data-id=\"286\" data-full-url=\"http:\/\/uniagp.home.amu.edu.pl\/wp-content\/uploads\/2021\/01\/PL-2.png\" data-link=\"http:\/\/uniagp.home.amu.edu.pl\/?attachment_id=286\" class=\"wp-image-286\" srcset=\"http:\/\/uniagp.home.amu.edu.pl\/wp-content\/uploads\/2021\/01\/PL-2-1024x576.png 1024w, http:\/\/uniagp.home.amu.edu.pl\/wp-content\/uploads\/2021\/01\/PL-2-300x169.png 300w, http:\/\/uniagp.home.amu.edu.pl\/wp-content\/uploads\/2021\/01\/PL-2-768x432.png 768w, http:\/\/uniagp.home.amu.edu.pl\/wp-content\/uploads\/2021\/01\/PL-2-1536x864.png 1536w, http:\/\/uniagp.home.amu.edu.pl\/wp-content\/uploads\/2021\/01\/PL-2-500x281.png 500w, http:\/\/uniagp.home.amu.edu.pl\/wp-content\/uploads\/2021\/01\/PL-2.png 1600w\" sizes=\"(max-width: 1024px) 100vw, 1024px\" \/><\/figure><\/li><li class=\"blocks-gallery-item\"><figure><img loading=\"lazy\" width=\"1024\" height=\"576\" src=\"http:\/\/uniagp.home.amu.edu.pl\/wp-content\/uploads\/2021\/01\/PL-1-1024x576.png\" alt=\"\" data-id=\"285\" data-full-url=\"http:\/\/uniagp.home.amu.edu.pl\/wp-content\/uploads\/2021\/01\/PL-1.png\" data-link=\"http:\/\/uniagp.home.amu.edu.pl\/?attachment_id=285\" class=\"wp-image-285\" srcset=\"http:\/\/uniagp.home.amu.edu.pl\/wp-content\/uploads\/2021\/01\/PL-1-1024x576.png 1024w, http:\/\/uniagp.home.amu.edu.pl\/wp-content\/uploads\/2021\/01\/PL-1-300x169.png 300w, http:\/\/uniagp.home.amu.edu.pl\/wp-content\/uploads\/2021\/01\/PL-1-768x432.png 768w, http:\/\/uniagp.home.amu.edu.pl\/wp-content\/uploads\/2021\/01\/PL-1-1536x864.png 1536w, http:\/\/uniagp.home.amu.edu.pl\/wp-content\/uploads\/2021\/01\/PL-1-500x281.png 500w, http:\/\/uniagp.home.amu.edu.pl\/wp-content\/uploads\/2021\/01\/PL-1.png 1920w\" sizes=\"(max-width: 1024px) 100vw, 1024px\" \/><\/figure><\/li><\/ul><\/figure>\n\n\n\n<p><\/p>\n\n\n\n<p><\/p>\n\n\n\n<p><\/p>\n\n\n\n<p><\/p>\n","protected":false},"excerpt":{"rendered":"<p>AKTUALNO\u015aCI<\/p>\n","protected":false},"author":1,"featured_media":0,"parent":0,"menu_order":0,"comment_status":"closed","ping_status":"closed","template":"","meta":[],"_links":{"self":[{"href":"http:\/\/uniagp.home.amu.edu.pl\/index.php?rest_route=\/wp\/v2\/pages\/84"}],"collection":[{"href":"http:\/\/uniagp.home.amu.edu.pl\/index.php?rest_route=\/wp\/v2\/pages"}],"about":[{"href":"http:\/\/uniagp.home.amu.edu.pl\/index.php?rest_route=\/wp\/v2\/types\/page"}],"author":[{"embeddable":true,"href":"http:\/\/uniagp.home.amu.edu.pl\/index.php?rest_route=\/wp\/v2\/users\/1"}],"replies":[{"embeddable":true,"href":"http:\/\/uniagp.home.amu.edu.pl\/index.php?rest_route=%2Fwp%2Fv2%2Fcomments&post=84"}],"version-history":[{"count":59,"href":"http:\/\/uniagp.home.amu.edu.pl\/index.php?rest_route=\/wp\/v2\/pages\/84\/revisions"}],"predecessor-version":[{"id":835,"href":"http:\/\/uniagp.home.amu.edu.pl\/index.php?rest_route=\/wp\/v2\/pages\/84\/revisions\/835"}],"wp:attachment":[{"href":"http:\/\/uniagp.home.amu.edu.pl\/index.php?rest_route=%2Fwp%2Fv2%2Fmedia&parent=84"}],"curies":[{"name":"wp","href":"https:\/\/api.w.org\/{rel}","templated":true}]}}